 - 3 = 5. Calculate l(o).
6
Suppose 0 = -2*x - z + 4*z - 11, -4*x - 2*z = -18. Let y(t) = -t - t + 2 - 3*t**x + t**3 + 3*t. Let r(k) = k - 2. Let i be r(4). What is y(i)?
0
Let y(d) = d**3 + 0 + 6 - 7. Give y(-1).
-2
Let d(w) = -7*w + 1. Let m(c) = 6*c - 2. Let v(x) = -5*d(x) - 6*m(x). Calculate v(6).
1
Let y(n) = -7*n**2 + 3*n + 2. Let t(k) = -k**2 + k + 1. Let z(c) = 4*t(c) - y(c). Give z(-2).
12
Let d(c) = 2 + 2*c - c**3 - 2*c**2 - c**2 + 0*c**2. Let g be 32/(-12) + 4 + 39/(-9). Give d(g).
-4
Let o be (2/2)/((-1)/(-5)). Let s(h) = -3*h**3 - 2*h**2 + h - 2. Let y(n) = 4*n**3 + n**2 + 2. Let k(z) = -5*s(z) - 4*y(z). Give k(o).
2
Suppose 6 = 2*x - 2. Suppose -v - 4 = -2*w - 1, -12 = -w + x*v. Let f(p) be the third derivative of p**4/24 - 11*p**3/6 + 6*p**2. Determine f(w).
-11
Let u(t) = -t**2 + 5*t + 3. Let h(z) = 5*z**2 - 2*z. Let c be h(-1). Calculate u(c).
-11
Let n(x) = -2*x**3 + 2*x**2 + x - 1. Suppose 2*c + 2*g - 5*g + 6 = 0, 5*c - 3*g = 3. Suppose -w = -4*h - 2, c*w + 3*h - 10 + 4 = 0. Give n(w).
-7
Let h(c) = -9*c**3 - 4 - 3*c**2 + 2*c**3 + 8*c**3 - 2*c + 0*c**2. What is h(4)?
4
Let y(c) = -3*c - 1. Let b(q) = 2*q + 8. Let x be b(-3). Calculate y(x).
-7
Suppose n + 19 - 16 = 0. Let z(j) = -7*j + 7. Let c(f) = -f + 1. Let p = 1 + 0. Let m(l) = p*z(l) - 6*c(l). Calculate m(n).
4
Suppose j + 3 - 2 = w, 1 = w + 2*j. Let p(s) = 0*s**3 - s + 2*s**3 + w - 3*s**3. Suppose -2*d - 1 = -3. Determine p(d).
-1
Let y(n) = n**2 + 7*n. Let o(z) = -z**2 + 2*z - 8. Let f be o(0). Determine y(f).
8
Suppose 5*k = 2 + 13. Let t(n) = 3*n - 6 + n + k - 3*n. Calculate t(0).
-3
Let p(l) = 29*l + 26*l - 51*l - 5. What is p(4)?
11
Let r(x) = 1 + 4*x**2 + 12*x - x**3 + 0*x**2 + 6*x**2. Give r(11).
12
Let x(l) = 5*l**2 + 32 + l**3 + 0*l**3 - 36. Determine x(-5).
-4
Let x(i) = -2*i + 2. Let l(o) = 3*o**3 - 19*o**2 - 3*o + 4. Let n(a) = -2*a**3 + 13*a**2 + 2*a - 3. Let c(v) = -5*l(v) - 8*n(v). Let h be c(9). Calculate x(h).
12
Let i(u) = -u**3 + 2*u - 4*u - 10*u**2 - 6*u + 4. What is i(-9)?
-5
Let u(v) = v**3 - 310*v - 300*v + 1 + 8*v**2 + 618*v. Determine u(-7).
-6
Let a be 2*-3*(-6)/12. Let l(w) = -2*w**2 + 1 + 2 - 2 + w - 2*w + w**a. Let u be 4*1 - (-4 + 5). Give l(u).
7
Let x(a) be the second derivative of -a**4/12 + 6*a**2 + 3*a. What is x(0)?
12
Let q(w) = -w**2 - 5*w - 1. Suppose -p + 5*k - 2 + 15 = 0, -4*k = -p + 8. Let f = p + 7. What is q(f)?
-1
Let z(d) = -2*d. Let p(u) = 6*u - 1. Let f(j) = -3*p(j) - 8*z(j). Calculate f(3).
-3
Let s(g) be the third derivative of -g**6/120 - g**5/20 + g**4/12 + g**3/3 + 20*g**2. Calculate s(-3).
-4
Let x = 4 - -1. Let v(a) = a**3 - 6*a**2 + 5*a - 4. Calculate v(x).
-4
Let w(c) = -c**2 + 9*c - 9. Let o be ((-126)/27)/((-2)/3). Let g be w(o). Let l(y) = -y - 2*y + y. Give l(g).
-10
Let x(l) = -l**3 - 3*l**2 - l - 1. Let o be x(-2). Let s(m) be the second derivative of -m**3/3 - m**2/2 - 3*m + 1. Give s(o).
5
Let f = 33 - 20. Suppose -7*r + 2*x - f = -2*r, -4*r - 2*x = 14. Let n be r/(-1)*2/6. Let p(b) = b**2 + b - 1. Determine p(n).
1
Let m(b) = b - 1. Suppose 13 = -2*t - 9. Let d = -9 + 17. Let x = d + t. What is m(x)?
-4
Let l(y) = -2*y**2 + 1. Let z be l(-2). Let g(p) = -p**3 - 1. Let s(u) = -u**3 + 8*u**2 + 5*u - 9. Let i(a) = 2*g(a) - s(a). What is i(z)?
-7
Let o be ((-12)/(-20))/(2/10). Suppose 10 = o*w + 4*j, j + 4*j = 2*w + 1. Let d(f) = -w - 2 + 3*f + 3 + 5. Calculate d(-4).
-8
Let l = 0 - -1. Let a(g) = -l + g + 0 + 2. Suppose 3*j + 7 = 2*z - z, -2*j = -3*z. Give a(j).
-2
Let s(h) = -7 - 3 - 1522*h + 1518*h. Give s(-4).
6
Let r(m) be the third derivative of -m**5/60 + 7*m**4/24 - m**3/6 - 11*m**2. What is r(7)?
-1
Suppose 3*c + 1 = -3*s - c, -s + 4*c = -21. Let n(t) = -t**3 + 6*t**2 - 4*t - 5. Give n(s).
0
Let t(p) = 1. Let d(j) = -j**2 - 6*j + 1. Let o(v) = -d(v) - 4*t(v). What is o(-6)?
-5
Suppose -4 - 23 = 9*q. Let r(g) = g + 3. Determine r(q).
0
Let k(w) = w**2 + 4*w - 14. Let s be k(-6). Let y(g) = -g**3 + 2*g**2 + g + 2. Determine y(s).
16
Let n(y) = y + 4. Let p be n(-3). Let t(a) = -2 + p + 4*a - 11*a + 4*a. Give t(-1).
2
Suppose 2*c - c - 4 = 0. Suppose 0 = c*s - s. Let v(i) = -i**2 - i - 9. Let x(n) = 2*n**2 + n + 10. Let h(l) = -3*v(l) - 2*x(l). Determine h(s).
7
Let r(b) = -b + 0*b + 2*b + 6. Calculate r(-7).
-1
Let i(x) = 5*x + 2 - 2 - 5. Let y(p) = 4*p + 3*p + 2*p - 5*p - 4. Let b(q) = -6*i(q) + 7*y(q). Determine b(-3).
8
Let d(a) = -a**3 - 3*a**2 + a - 4. Let s be (4/(-12))/((-1)/(-3)). Let c be (-6)/(3*s) + 7. Suppose -7*q - c = -4*q. Calculate d(q).
-7
Let f(w) = -7*w**3 - w**2. Suppose -2*t + 4*v - 12 = 0, 0*t - 12 = 3*t - 4*v. Suppose -4*q + t*q = -12. Let m be (2/(-6))/(q/(-9)). What is f(m)?
-8
Let i = 7 - 7. Suppose -5*p + 2*q + 11 = -i*q, p = q + 1. Let h(w) = 3*w + 8 - w**3 - 1 - p*w. Calculate h(0).
7
Let i = -17 + 13. Let q(b) = -3*b - 3. Determine q(i).
9
Suppose -2 - 4 = -2*p. Let s(h) = h - 3. Let d(u) = -3*u + 2 - 3 + 5 + 3. Let j(k) = 2*d(k) + 5*s(k). Determine j(p).
-4
Let j(i) = -i**3 + i**2 + i + 3. Let b(g) = -g + 3*g**3 + g**2 + 0*g**2 - 4*g**3. Let m be b(0). Calculate j(m).
3
Let w(a) = -a**3 - 2*a**2 + 4*a + 4. Suppose 0 = -7*d + 2*d + 5. Let p(x) = -x**2 + 9*x + 12. Let u be p(10). Suppose z = -u - d. Give w(z).
1
Let o(j) = -1. Let x(r) = r + 5. Let n = -5 + 10. Let h(z) = n*o(z) + x(z). Let y be (-209)/(-77) - (-2)/7. What is h(y)?
3
Let o = -2 - -6. Let j(k) = -7*k**2 + 6*k + 9. Let u(d) = -4*d**2 + 3*d + 5. Let g(m) = -3*j(m) + 5*u(m). Give g(o).
2
Let o be 2/(-4)*(-20 - -26). Let q(l) = 2*l + 2. Calculate q(o).
-4
Let p be (6 - 3) + -1 + 7. Suppose 0 = 2*d - 5*d + p. Let o(r) = -r + d - 4 + 2. Give o(-4).
5
Let g = 9 + -14. Let u(r) be the third derivative of 0*r - 1/4*r**4 + 2*r**2 - 1/60*r**5 - r**3 + 0. Calculate u(g).
-1
Suppose -4*y + 0*y = -20. Suppose -r - y = 1. Let l(n) = 2*n + 7. Determine l(r).
-5
Let u(s) = -3 - 3 + 4*s - 6*s. Let g be -3 - ((-4)/(-4) + 0). Calculate u(g).
2
Let r(k) be the third derivative of -k**9/60480 + k**8/4032 - k**7/5040 + k**6/120 - k**5/15 - k**2. Let d(x) be the third derivative of r(x). Give d(5).
1
Let q be 9 - 6 - (-2 - -9). Let i(w) = -w**2 - 4*w - 3. Give i(q).
-3
Suppose -2*k = 3*k + 90. Let a = k + 17. Let b(m) = 10*m**2 - m - 1. Determine b(a).
10
Let r(s) = s**3 - 5*s**2 + s - 1. Let f(q) = -2*q**2 + 2*q - 1. Let v(j) = -3*j**2 + 3*j - 1. Let o(i) = 4*f(i) - 3*v(i). Let x be o(3). Give r(x).
4
Suppose -6 + 30 = -4*h. Let t(v) = -v**2 - 8*v - 9. What is t(h)?
3
Let a(f) = f**3 - f**2 + 1. Let z(n) = -4*n**3 + 4*n**2 - 3*n - 8. Let l(r) = 5*a(r) + z(r). Suppose 2*h + h + 6 = 0. Determine l(h).
-9
Let y(h) be the third derivative of -h**6/120 - h**5/12 - h**3 + h**2. Let k be (1 + 0)*5/(-1). Give y(k).
-6
Let x(y) = y - 4. Let z be x(10). Let s be 3*2/z*2. Let o(v) be the third derivative of -v**6/120 + v**5/12 - v**4/6 + v**3/3 + v**2. Give o(s).
6
Let x(l) be the third derivative of -l**6/120 + l**5/12 + l**4/24 - l**3/6 - 20*l**2. Give x(5).
4
Let r(i) = -i**2 - 6*i - 2. Let a be r(-5). Let y(z) be the second derivative of -z**3/6 - z**2 - 3*z. What is y(a)?
-5
Let f(c) be the third derivative of -c**4/12 + 5*c**3/2 + 34*c**2. Give f(12).
-9
Suppose 0 = 3*f + 4*r + 4, 4*f - 2 = 5*r + 3. Let s(u) be the third derivative of 1/6*u**3 + 0*u - 1/12*u**4 + f - u**2. Determine s(3).
-5
Let f(q) = q**2 + 6*q + 5. Let j be f(-6). Let c = 10 + -7. Let d(y) = -c + y + 2 - y + y. Give d(j).
4
Suppose 7*v - 30 = -2. Let m(h) be the first derivative of -h**2/2 + 4*h + 2. What is m(v)?
0
Let b(h) = h + 5. Let o(p) = 2*p + 16. Let a be 1/(-2*2/12). Let k(m) = a*o(m) + 10*b(m). Calculate k(-4).
-14
Suppose 2*m + 5 = 11. Let n(g) = -g**2 + 5*g - 3. Give n(m).
3
Let f = 28 + -18. Let p = f - 8. Let g(i) = 2*i + 2. Determine g(p).
6
Let p(v) = -4*v. Let a(g) = g**2 - 9*g - 4. Let r be a(9). Let s(x) = -6*x - 1. Let h(w) = r*s(w) + 5*p(w). Determine h(-3).
-8
Suppose -4*d = -d. Suppose 2*p + 5 - 1 = d. Let o be (2 + -2 + p)/1. Let s(k) = -2*k - 1. Determine s(o).
3
Let n(o) = o + 3. Suppose -6*p = -p. Let w be 3 + -6 + (-4 - p). Give n(w).
-4
Let j(p) = 0 + 2 - p**2 + 5*p - 6*p - p**3. Let o be j(0). Let f(q) be the third derivative of q**4/24 + q**3/6 + 2*q**2. Calculate f(o).
3
Let j = 2 + 3. Suppose 4*m = 1 - j. Let g(p) = -4*p - 1. 